What is the tens digit of 28346?
4
What is the thousands digit of 2449?
2
What is the tens digit of 2821?
2
What is the units digit of 3347?
7
What is the tens digit of 22864?
6
What is the units digit of 57?
7
What is the ten thousands digit of 75126?
7
What is the tens digit of 72919?
1
What is the tens digit of 1095?
9
What is the units digit of 67?
7
What is the tens digit of 24089?
8
What is the hundred thousands digit of 116319?
1
What is the units digit of 2985?
5
What is the hundreds digit of 6650?
6
What is the thousands digit of 1268?
1
What is the tens digit of 2734?
3
What is the units digit of 864?
4
What is the ten thousands digit of 116472?
1
What is the units digit of 14887?
7
What is the tens digit of 11132?
3
What is the hundreds digit of 24140?
1
What is the units digit of 905?
5
What is the units digit of 6821?
1
What is the thousands digit of 5556?
5
What is the ten thousands digit of 43199?
4
What is the hundreds digit of 142?
1
What is the ten thousands digit of 27205?
2
What is the hundreds digit of 14609?
6
What is the units digit of 2705?
5
What is the units digit of 35108?
8
What is the thousands digit of 3231?
3
What is the tens digit of 2832?
3
What is the tens digit of 15837?
3
What is the tens digit of 96?
9
What is the hundreds digit of 10763?
7
What is the units digit of 96438?
8
What is the ten thousands digit of 15035?
1
What is the hundreds digit of 1333?
3
What is the units digit of 802?
2
What is the units digit of 73689?
9
What is the ten thousands digit of 44984?
4
What is the units digit of 1408?
8
What is the tens digit of 1922?
2
What is the hundreds digit of 11144?
1
What is the thousands digit of 18323?
8
What is the thousands digit of 1284?
1
What is the units digit of 463?
3
What is the thousands digit of 162663?
2
What is the units digit of 60470?
0
What is the tens digit of 352?
5
What is the hundreds digit of 1238?
2
What is the thousands digit of 1695?
1
What is the hundreds digit of 9123?
1
What is the tens digit of 3975?
7
What is the thousands digit of 2235?
2
What is the thousands digit of 16672?
6
What is the tens digit of 73519?
1
What is the tens digit of 8241?
4
What is the units digit of 8380?
0
What is the units digit of 52199?
9
What is the hundreds digit of 4020?
0
What is the units digit of 18671?
1
What is the hundreds digit of 1098?
0
What is the units digit of 10277?
7
What is the hundreds digit of 2519?
5
What is the thousands digit of 1043?
1
What is the tens digit of 5971?
7
What is the thousands digit of 21606?
1
What is the thousands digit of 46453?
6
What is the hundreds digit of 5042?
0
What is the hundreds digit of 76705?
7
What is the hundreds digit of 3013?
0
What is the tens digit of 787?
8
What is the thousands digit of 1704?
1
What is the hundreds digit of 604?
6
What is the tens digit of 18781?
8
What is the ten thousands digit of 29780?
2
What is the ten thousands digit of 124358?
2
What is the tens digit of 3200?
0
What is the tens digit of 590?
9
What is the thousands digit of 5806?
5
What is the hundreds digit of 59353?
3
What is the hundreds digit of 6382?
3
What is the hundreds digit of 504?
5
What is the tens digit of 1815?
1
What is the units digit of 8223?
3
What is the tens digit of 920?
2
What is the units digit of 1120?
0
What is the units digit of 798?
8
What is the tens digit of 149?
4
What is the units digit of 57751?
1
What is the ten thousands digit of 55755?
5
What is the thousands digit of 56299?
6
What is the units digit of 25787?
7
What is the units digit of 153263?
3
What is the hundreds digit of 7396?
3
What is the units digit of 90105?
5
What is the thousands digit of 2302?
2
What is the units digit of 751?
1
What is the tens digit of 5021?
2
What is the units digit of 737?
7
What is the thousands digit of 9503?
9
What is the hundreds digit of 4051?
0
What is the units digit of 14294?
4
What is the tens digit of 1722?
2
What is the tens digit of 101874?
7
What is the tens digit of 101937?
3
What is the tens digit of 8035?
3
What is the units digit of 717?
7
What is the tens digit of 14486?
8
What is the units digit of 52051?
1
What is the thousands digit of 3041?
3
What is the units digit of 2852?
2
What is the ten thousands digit of 84996?
8
What is the ten thousands digit of 31125?
3
What is the hundreds digit of 5736?
7
What is the thousands digit of 54918?
4
What is the tens digit of 29248?
4
What is the tens digit of 3933?
3
What is the tens digit of 9135?
3
What is the thousands digit of 178916?
8
What is the ten thousands digit of 40904?
4
What is the thousands digit of 4385?
4
What is the tens digit of 2420?
2
What is the hundreds digit of 22793?
7
What is the ten thousands digit of 132018?
3
What is the tens digit of 93?
9
What is the hundreds digit of 2621?
6
What is the hundreds digit of 45225?
2
What is the thousands digit of 3516?
3
What is the tens digit of 5881?
8
What is the hundreds digit of 1925?
9
What is the tens digit of 3162?
6
What is the hundreds digit of 2263?
2
What is the tens digit of 2027?
2
What is the thousands digit of 1165?
1
What is the thousands digit of 155408?
5
What is the units digit of 15987?
7
What is the units digit of 1426?
6
What is the tens digit of 50842?
4
What is the tens digit of 45229?
2
What is the units digit of 10477?
7
What is the tens digit of 873?
7
What is the units digit of 602?
2
What is the units digit of 4373?
3
What is the units digit of 349?
9
What is the units digit of 6590?
0
What is the thousands digit of 14716?
4
What is the hundreds digit of 14266?
2
What is the thousands digit of 25240?
5
What is the tens digit of 2860?
6
What is the hundreds digit of 6553?
5
What is the thousands digit of 10193?
0
What is the tens digit of 8073?
7
What is the ten thousands digit of 10884?
1
What is the thousands digit of 10285?
0
What is the units digit of 1312?
2
What is the tens digit of 1396?
9
What is the thousands digit of 1527?
1
What is the hundreds digit of 4576?
5
What is the units digit of 710?
0
What is the units digit of 3644?
4
What is the hundreds digit of 334?
3
What is the hundreds digit of 34196?
1
What is the tens digit of 809?
0
What is the hundreds digit of 4495?
4
What is the thousands digit of 3912?
3
What is the units digit of 3523?
3
What is the units digit of 8717?
7
What is the tens digit of 5704?
0
What is the hundreds digit of 503?
5
What is the thousands digit of 12792?
2
What is the units digit of 2663?
3
What is the units digit of 2123?
3
What is the hundreds digit of 1114?
1
What is the hundreds digit of 22998?
9
What is the thousands digit of 4987?
4
What is the units digit of 20846?
6
What is the tens digit of 2871?
7
What is the hundreds digit of 1824?
8
What is the tens digit of 1225?
2
What is the tens digit of 92290?
9
What is the hundreds digit of 51178?
1
What is the thousands digit of 12225?
2
What is the units digit of 999?
9
What is the units digit of 1?
1
What is the thousands digit of 20226?
0
What is the ten thousands digit of 16969?
1
What is the thousands digit of 90496?
0
What is the thousands digit of 2547?
2
What is the units digit of 8713?
3
What is the thousands digit of 1946?
1
What is the units digit of 1145?
5
What is the hundreds digit of 39898?
8
What is the units digit of 24263?
3
What is the hundreds digit of 802?
8
What is the hundreds digit of 22090?
0
What is the ten thousands digit of 32076?
3
What is the hundreds digit of 634?
6
What is the thousands digit of 17439?
7
What is the hundreds digit of 9979?
9
What is the units digit of 745?
5
What is the thousands digit of 34476?
4
What is the thousands digit of 9630?
9
What is the units digit of 35857?
7
What is the units digit of 1592?
2
What is the tens digit of 36045?
4
What is the units digit of 12770?
0
What is the units digit of 1071?
1
What is the thousands digit of 12054?
2
What is the units digit of 334?
4
What is the ten thousands digit of 33428?
3
What is the hundreds digit of 1550?
5
What is the hundreds digit of 7923?
9
What is the hundreds digit of 2331?
3
What is the thousands digit of 1299?
1
What is the tens digit of 22759?
5
What is the units digit of 15833?
3
What is the tens digit of 1157?
5
What is the tens digit of 19054?
5
What is the hundreds digit 